
Suppose -4*v + 69 = 21. Let d be -3 - -5 - v/2. Let c = d - -7. What is the units digit of c?
3
Let l(i) be the first derivative of 7*i**2/2 - 2*i - 3. What is the units digit of l(2)?
2
Let y(z) = 2*z - 1 + 0*z + 0*z. What is the units digit of y(5)?
9
Suppose -l + 2*l = -4. Let s be l/((-12)/45) + -3. Suppose k = b - s, 2*b + 2*k = b. What is the units digit of b?
8
Suppose -3*l + 16 = -5*c - 5*l, 4*c + 2*l + 14 = 0. Let v(m) = -m + 4. What is the units digit of v(c)?
6
Let v = -69 - -13. Let r = -22 - v. What is the tens digit of r?
3
Let y be (-4)/(-10) + 4/(-10). Let a(f) = 28*f**2 - 1. Let o be a(-1). Suppose y = -d + 3*x + 12, -3*d + 5*x + o = d. What is the units digit of d?
3
Let h = 90 - 55. What is the units digit of h?
5
Let v be -1 + -2 + 49 + 2. Suppose 6 = 2*n - 0*n. Suppose o - v = -n*o. What is the units digit of o?
2
Let w(b) = b + 1. Let d(i) = 3*i + 2. Let q(r) = -d(r) + 4*w(r). Let z(m) = m**3 - 4*m**2 - 4*m. Let a be z(5). What is the units digit of q(a)?
7
Let w be (-2)/(-1)*10 + -2. Suppose -2*v - 46 = t + 4*t, 3*t + 32 = v. Let g = w + t. What is the units digit of g?
8
Let q = -54 + 82. What is the units digit of q?
8
Suppose 5*p - 11 = 14. Let m = p - 3. What is the units digit of m?
2
Let s(k) = -4*k + 2. Let i(g) = -g. Let q(m) = -5*i(m) + s(m). Let v be (0 - (-2 + 3))/1. What is the units digit of q(v)?
1
Let v(d) = d**3 + 19*d**2 - 25*d - 14. What is the units digit of v(-20)?
6
Let b(d) = -d**3 - d + 45. What is the tens digit of b(0)?
4
Let p be -2*(-2)/((-4)/(-3)). Suppose -2*x = 5*i + 5, -4*x + p*i - 22 = i. Let s = 10 + x. What is the units digit of s?
5
Let y = 13 - 7. Let m = y + 9. What is the units digit of m?
5
Let w(z) = 5*z - 18. What is the tens digit of w(12)?
4
Suppose 2*u + 6 = 5*d, 16 = 3*d + u + 4*u. Suppose k - y = -1, 0 + d = -k + 2*y. Suppose k*i = -i + 5. What is the units digit of i?
5
Let f = -1 - 11. Let z = 11 - 19. Let h = z - f. What is the units digit of h?
4
Suppose 3*k - 1 = 14. Suppose -1 = -k*p + 19. What is the units digit of p?
4
Let g(a) = 3*a**2 + 4*a - 6. Let l be (-1 - (0 + 2)) + -2. What is the tens digit of g(l)?
4
What is the hundreds digit of (-12)/(4/(-10) - (-264)/935)?
1
Suppose 5*h + 3*o = 38, 1 = 4*o - 3. Let s = 3 + h. What is the units digit of s?
0
Suppose -2*v + 69 + 71 = 3*n, 4*v - 5*n - 280 = 0. Let o = -41 + v. Let g = -18 + o. What is the units digit of g?
1
Suppose i - 3 - 20 = 0. Suppose -4*k + i = -25. What is the units digit of k?
2
Let k(f) = f**3 - 6*f**2 - 6*f - 9. Let p be k(8). Let s = p - 45. What is the units digit of s?
6
Let o = 101 + 38. What is the tens digit of o?
3
Suppose 0 = -5*s - 3*y + 24, -4*s + 2*y = -2*y - 32. What is the units digit of (s + -2)*2/8?
1
Suppose 3*l + 9 = 4*j, j - 3*l - 3 = 6. Let a = j - -2. Suppose -a*r - y + 3*y = 0, -2*y = -8. What is the units digit of r?
4
Suppose -4*j = 3 - 23. What is the units digit of ((-18)/(-10))/(1/j)?
9
Suppose 0 = 4*w - 12, 3*f + 5*w + 4 = 31. Suppose -3*u - 8 = 4*k, -5*u - 2*k - 4 = -2*u. Suppose -f*d + 3*d + 4 = u. What is the units digit of d?
4
Suppose 0 = -2*w - 6, 0*j - 5*j - 4*w = -13. Suppose 0 = j*n - n - 40. What is the tens digit of n?
1
Suppose -2*v = v + 27. Let q be (-87)/v*3*1. Suppose -3*u + 6*u - q = 2*y, -3*y = -5*u + 48. What is the units digit of u?
9
Suppose 14 = 2*a - 3*r, 0 = a - 2*a - 4*r - 15. Let n be a/(-4) - 219/(-12). Suppose 2*x - 8 = 0, 3*f - 1 - n = 2*x. What is the units digit of f?
9
Let n(s) = s**3 - 3*s**2 - 3*s - 4. Let f be n(4). Suppose 3*p + 2*j - 46 = f, -3*j - 8 = p - 7*j. What is the tens digit of p?
1
Let s(o) = 2*o - 8. Let t be s(5). Suppose 0 = t*c + 4*v - 58, -2*v + 173 = 5*c + v. What is the units digit of c?
7
Suppose 0 = -4*l - 8, -80 = 5*g + l - 18. Let z be (-52)/g + (-2)/6. Suppose -4*o + 36 = z*m, 5*o = 3*m - 41 + 6. What is the units digit of m?
0
Let h(u) = 32*u**2 - 1. What is the units digit of h(1)?
1
Suppose 5*q - 223 = -4*c + 4*q, 0 = c + 5*q - 32. What is the units digit of c?
7
Suppose -3*f = -5*f + 338. What is the units digit of f?
9
Let m(d) = d**3 + 6*d**2 + 1. Suppose -4*z = -5*q - 20 - 18, 0 = 4*q + 5*z + 14. What is the units digit of m(q)?
1
Let k(v) = -3*v - 1. What is the units digit of k(-1)?
2
What is the units digit of (0 - -2)/(120/57 + -2)?
9
What is the tens digit of 1/2*478 - (1 - -2)?
3
Suppose -207 = -3*v + 192. What is the tens digit of v?
3
Let o = 23 - 12. What is the tens digit of o?
1
Let a = 15 + -10. Suppose 2*r - 3 = y + 2, 35 = 2*r + a*y. Suppose -2*j - 2*u + r*u = -19, 0 = -5*j + 4*u + 30. What is the units digit of j?
2
What is the units digit of 3*26 - (4 - (0 - 0))?
4
Let x(u) = -2*u**2 + 7*u - 4. Let w be x(5). Let p = 37 + w. What is the units digit of p?
8
Let k be ((-4)/5)/(4/(-30)). What is the units digit of 41*1 + (7 - k)?
2
Let m = 4 - 4. Suppose -l + m*l = -7. Suppose -5*g - 5*y + 15 = 0, 3*g - 4*y + 5*y = l. What is the units digit of g?
2
Let p be 452/12 + (-2)/(-6). Suppose -g + 5*t + 0*t = -p, -5*t = g - 8. What is the units digit of 2/8 - g/(-4)?
6
Let p = -5 + 1. Let j = -2 - p. Suppose 31 = 3*b - 4*a - 1, j*a - 20 = -3*b. What is the units digit of b?
8
Suppose -14 = -2*o - 0*o. Suppose -w + o = -y, w + 8 = -5*y - 3*w. What is the units digit of -2 + 4 + -1 - y?
5
Let g = 15 + -7. What is the units digit of ((-56)/6)/(g/(-12))?
4
Suppose 0 = 3*l - 0*l. Suppose l*m = 5*m + 5*w, -m = -w - 6. Suppose -s = m*s - 28. What is the units digit of s?
7
What is the tens digit of ((-198)/77)/((-2)/56)?
7
Let l(n) = -10*n - 32. What is the tens digit of l(-8)?
4
Let z(c) = c**2 - 2*c. Let k = -5 - -7. Let s be z(k). Suppose s*h = h - 8. What is the units digit of h?
8
Let r = 2 + -5. Let k(z) be the third derivative of z**6/120 + z**5/20 - z**4/24 + z**3/6 + z**2. What is the units digit of k(r)?
4
Suppose 0 = -0*x - 4*x - 2*c + 50, -2*c - 20 = -3*x. Suppose -3*t + 22 = x. Suppose 2 = -2*m + t. What is the units digit of m?
1
Let d = 9 + -2. Let k = 0 + d. What is the tens digit of -1 + k/(-2)*-4?
1
Suppose -3*m - 2*s + 6 = 0, -6*s + 2*s + 2 = m. Suppose -m*k - k + 16 = -2*d, -18 = -5*k - d. Let f(t) = -t**2 + 6*t - 6. What is the units digit of f(k)?
2
Let a(b) = 8*b**2 - b + 1. Let k(p) = -p**3 + 4*p**2 + p - 2. Let q be k(3). Let y = -9 + q. What is the units digit of a(y)?
8
What is the units digit of 4 + 9408/44 - 4/(-22)?
8
Let l = -26 - -257. What is the units digit of l?
1
What is the tens digit of (1 - 3)*((-1278)/(-4))/(-9)?
7
Suppose 2*g + 4 = a + 3, 31 = 3*g + 5*a. Suppose 5*o - g*o - 5*c = 10, -4*o + 4*c + 8 = 0. Suppose l - 2 = -o*l. What is the units digit of l?
2
Suppose 0 = 2*h, -4*m + 3*h + 12 = -h. Suppose n + m*n - 40 = 0. What is the units digit of n?
0
Suppose 4*j = j - 6. Let d = j - -7. What is the units digit of d?
5
Let t = -2 + 5. Let n be 0 - ((-45)/t - 3). Let x = -11 + n. What is the units digit of x?
7
Let y = -11 + 16. Let v = 18 - y. What is the units digit of v?
3
Suppose 5*f = -0*f + 5*x + 940, -5*f + x + 928 = 0. What is the tens digit of f?
8
Let d(l) = l**3 - l**2 - l + 210. Let b be d(0). Suppose 4*y - b = -y. What is the units digit of y?
2
Suppose -4*i + 3 + 21 = 0. Let y(h) = -h**3 - 4*h**2 - 3*h + 2. Let l be y(-3). Suppose l*r - 6 = i. What is the units digit of r?
6
Suppose 632 = -29*c + 31*c. What is the hundreds digit of c?
3
Suppose -3*a + 5 = 2. What is the tens digit of -1*a + 32/2?
1
Let s be (-64)/(-2) + -2 + 0. Let w = -15 + s. What is the tens digit of w?
1
Suppose 5*g + 2*b = -b + 524, -g - 4*b + 115 = 0. What is the hundreds digit of g?
1
Suppose 3*k + k = 4*v - 120, 5*k = 4*v - 123. Suppose 0 = -j + v - 11. What is the units digit of j?
6
Suppose -3*k = -24 + 6. Let z = 10 - k. Suppose -z*c = -13 - 7. What is the units digit of c?
5
What is the units digit of 275 - 3/(-12)*-4?
4
Let f(w) = w**2 - 8*w - 13. What is the units digit of f(12)?
5
Suppose 2*v = 3*b - 9, -2*v - 2*v + b + 7 = 0. Suppose -k + v = 2*l - 6, -5*l = 4*k - 15. What is the units digit of l?
7
Let u(o) = -32*o - 1. Let r be u(-1). Let b = r + 9. Suppose 5*l - 10 = -2*j + j, 5*j = 5*l - b. What is the units digit of l?
3
Suppose -8 = -2*g - 2*g - 4*x, g + 4*x + 4 = 0. Suppose 5*m + 3*n - 65 = -2*n, 5*m + g*n = 66. What is the units digit of m?
4
Suppose 3*x - 2*